= -3*n - 4 - 2 + 5*n. Calculate the remainder when 10 is divided by i(g).
4
Suppose -3*i - 44 = -209. Calculate the remainder when i is divided by 14.
13
Let c(w) = -w**2 + w + 44. Suppose 0 = 4*b + 5*g - 10, -b + 0*b = 4*g - 8. What is the remainder when c(b) is divided by (-48)/40*25/(-2)?
14
Let a = -1 - -11. Let d be 14/4 + (-1)/2. Suppose -d*b + 17 = 5. Calculate the remainder when a is divided by b.
2
What is the remainder when 5*(-30)/(-25) - -44 is divided by 21?
8
Let d(q) = q**3 - 5*q**2 + 2*q + 5. Let r be d(5). What is the remainder when 49 is divided by r + (0 + -6)/(-3)?
15
Suppose 30 = 3*a + 3*w - 57, -a = -2*w - 14. Let b(u) = 2*u**3 + 13*u**2 - 8*u - 14. Calculate the remainder when b(-6) is divided by a.
22
Calculate the remainder when (-164)/(-9) + 4/(-18) is divided by 5.
3
Let u be (-6)/(-27) + (-128)/9. Let y = 27 + u. Calculate the remainder when y is divided by 7.
6
What is the remainder when (18/10)/((-39)/(-65))*39 is divided by 61?
56
Let t(v) = 3*v**2 - 5*v + 3. Suppose i = -2*x + 18, -x = 2*x + 4*i - 37. Calculate the remainder when x is divided by t(2).
2
Suppose 23*k - 456 = 15*k. What is the remainder when k is divided by 12?
9
Let y = 40 + -25. Suppose 0*h - 860 = -4*h. Suppose 0*d = -5*d + 3*t + 213, -5*d + h = -5*t. Calculate the remainder when d is divided by y.
12
Let x = -95 + 162. Calculate the remainder when x is divided by 18.
13
Let a(b) = -b + 5. Suppose 4*d + 2*m = 3*d + 5, 0 = 2*m. Let o be a(d). Suppose o*y - 59 = -y. Calculate the remainder when y is divided by 15.
14
Let t = 19 - 6. Suppose 2*z = -5*o + 18, 0*o = z - 2*o. What is the remainder when t is divided by z?
1
Let m(r) = r**2 - 1. Let v be m(1). Suppose v = 2*x - 12 + 4. Calculate the remainder when 9 is divided by x.
1
Let o = -19 - -43. What is the remainder when 71 is divided by o?
23
Let n = -58 - -110. Suppose 13*b - 9*b = 72. Calculate the remainder when n is divided by b.
16
Let y = -4 - -4. Let t(z) = -z**2 + 1. Let d(p) = 2*p**3 - 2*p**2 + 2*p - 1. What is the remainder when t(y) is divided by d(1)?
0
Suppose 7*l - 6*l = 3. What is the remainder when 95/4 + l/12 is divided by 9?
6
Suppose 3*s - 18 = -3*w, 2*w + s = 3*w - 8. What is the remainder when (-3 + 2)*11/(-1) is divided by w?
4
Suppose -2*o + 2 = -o, 2*o - 94 = -3*b. What is the remainder when b is divided by 19?
11
Suppose 16*v = 6*v + 1920. Calculate the remainder when v is divided by 39.
36
What is the remainder when (-73)/(-15) - 12/(-90) is divided by 2?
1
Calculate the remainder when (1 - 47)/((-2)/(6 + -5)) is divided by 2.
1
What is the remainder when (2 + -2 - -19)*(4 - 3) is divided by 6?
1
Let c(h) = h**3 + 3*h**2 - 5*h - 6. Let n be c(-4). Let z = 12 + 3. What is the remainder when ((-3)/n)/(6/112) is divided by z?
13
Let s = 20 + 42. What is the remainder when s is divided by (-1 + -2)*(-32)/6?
14
Let w = 172 + -168. Suppose m - 37 = -5*t, 3*t = 4*m - 0 + 13. What is the remainder when t is divided by w?
3
Let v(s) = s**2 + s + 1. Let k(o) = 3*o**2 + 13*o + 7. Let y(x) = k(x) - 4*v(x). What is the remainder when 30 is divided by y(8)?
8
Let m = -20 - -5. Let a = m + 24. What is the remainder when 12*1/(1/2) is divided by a?
6
Suppose 4*k - 16 = 0, 4*k - 20 = 4*o - k. Let y = -3 + o. Let s(q) = -14*q - 4. What is the remainder when s(y) is divided by 20?
18
Suppose -327 + 33 = -3*b. What is the remainder when b is divided by 25?
23
Suppose -24 = -4*x + 4*g, 5*x + 5*g = -0*x. Suppose -5*h - 5*j + 30 = 0, j + 19 = x*h + 1. What is the remainder when (-1)/(h/(-4))*3 is divided by 2?
0
Let d = -50 + 102. What is the remainder when d is divided by 11?
8
Let a(n) = n**2 + 8*n - 3. Let o be a(-8). Let h be (2 + o)/(-1*1). Let l = 0 + h. Calculate the remainder when 1 is divided by l.
0
Let b(i) = -i**3 - 2*i + 4. Let f be b(0). Let h = 0 + 0. Suppose j = f*k - 56, -k + j + 2*j + 14 = h. Calculate the remainder when 27 is divided by k.
13
Let g(i) = 19*i - 2. Calculate the remainder when g(1) is divided by 10.
7
Let q be (-1)/(0 + -1)*1. Suppose q - 4 = -k. Suppose 0 = k*f - 5 - 10. Calculate the remainder when 13 is divided by f.
3
Let v be (3/(-2))/((-15)/50). Suppose 9*s - 52 = v*s. Let h(n) = 4*n**2 + n + 1. Calculate the remainder when s is divided by h(-1).
1
What is the remainder when 23 is divided by ((-5)/15)/((-3)/108)?
11
Let j = -193 - -347. Calculate the remainder when j is divided by 26.
24
Let s = 3 - 2. Let h be s*(-1)/((-3)/(-9)). Calculate the remainder when h*(1 - (-19)/(-3)) is divided by 9.
7
Suppose -5*n + 239 = -41. Suppose 0 = -4*o + 3*j + 52, -24 = 4*o + 2*j - n. Calculate the remainder when o is divided by (-1)/(-3)*-4*-3.
2
What is the remainder when 453/7 - 16/(-56) is divided by 17?
14
Let i = 6 + -2. Suppose 2*g = -i*f + 14 - 0, 16 = 4*f + 4*g. What is the remainder when 5 is divided by f?
2
Suppose 2*l + l + 20 = 4*t, -2*t - 12 = 4*l. Let k be (-4)/(-18) - (-25)/9. Suppose f - 1 = k*b - 0*f, 4*f = 16. Calculate the remainder when t is divided by b.
0
Suppose 0*q - 2*q + 2*a = -48, -4*a - 12 = 0. Calculate the remainder when 82 is divided by q.
19
What is the remainder when 1/(-2)*-2 + 13 is divided by -12*1*(-10)/15?
6
Let q(s) = -s**3 - 9*s**2 - 2*s - 9. Let b be q(-9). Let l = -3 + b. What is the remainder when 17 is divided by l?
5
Let r(y) = 4*y - 48. What is the remainder when r(20) is divided by 5?
2
Let a(t) = 2*t**2 + 7. Let v be a(-3). Suppose 5*q - v = 0, 2*k - 3*q - 22 = q. What is the remainder when 62 is divided by k?
20
Let p = 4 - 5. What is the remainder when (34/(-6))/(p/3) is divided by 5?
2
Let k be (-5 + 6)/(2/16). Let n = k - -8. Suppose q + q - 18 = 0. Calculate the remainder when n is divided by q.
7
Let l be (2/4)/((-5)/(-20)). Let j be 1*l/(-3)*3. What is the remainder when (-1 - -3)*(-53)/j is divided by 18?
17
Suppose 5*z = b + 937 - 307, -2*b = 0. What is the remainder when z is divided by 65?
61
Let a(c) = -2*c + 11. Let n be a(-6). Let v = n + 8. Calculate the remainder when v is divided by 16.
15
Let x(r) = -6*r**3. What is the remainder when 27 is divided by x(-1)?
3
Let x(h) be the second derivative of h**5/5 - h**3/6 + 3*h. Suppose -i + 3*i - 10 = 0. What is the remainder when i is divided by x(1)?
2
Let g(h) = h**3 - 3*h**2 - 5*h + 4. Let m be g(4). Suppose -3*x + m*x = -51. What is the remainder when x is divided by 6?
5
Let h = -37 + 75. Suppose 2*y + 0*d = -3*d + h, 3*y + 2*d - 47 = 0. Let c(l) = l + 37. What is the remainder when c(0) is divided by y?
11
Let z = 42 - 21. Calculate the remainder when 61 is divided by z.
19
Let d = 66 - 23. Let f(l) = l**2 + 8*l + 13. Let c be 1/((-38)/18 + 2). Calculate the remainder when d is divided by f(c).
21
Suppose 0 = -7*p + 5*p - 40. Let x = -9 - p. What is the remainder when 31 is divided by x?
9
Let l(d) = d + 30. What is the remainder when l(-12) is divided by 4?
2
What is the remainder when 151 is divided by (-15)/6 + (-405)/(-10)?
37
Suppose 0 = -3*q + 128 - 2. Suppose 2*d + f = q, -f = 5*d - 2*f - 105. What is the remainder when d is divided by ((-2)/16)/(12/264)*-4?
10
Let g = 58 + -21. Let y(f) = 4*f**2 - 3*f + 1. Let z be y(2). Let r = z + 2. What is the remainder when g is divided by r?
11
Suppose -2*h = -j + 12, 3*h + 8 = 2*j - 3*j. Let s = 10 - 8. Suppose s*a = 12 + 10. What is the remainder when a is divided by j?
3
What is the remainder when 23 is divided by 10 + 0 + 2 + -3?
5
Let f(g) = g**3 + g**2 + 33. Let q(b) = b + 4. What is the remainder when f(0) is divided by q(8)?
9
Suppose -3*p = 5*t - 79, -4*p + 0 - 8 = 0. Suppose t = 4*g - 43. What is the remainder when 43 is divided by g?
13
Let q(f) = -f - 5. Let z be q(-5). Let s be 4 + (z - (4 + -1)). Let p(a) = 15*a**2 - 1. What is the remainder when 53 is divided by p(s)?
11
Let u(v) = -v**3 + 12*v**2 + 14*v. Let b = -2 - -6. What is the remainder when u(13) is divided by b?
1
Let j(i) = -i**2 - 12*i - 11. Let w = -8 - 1. What is the remainder when 31 is divided by j(w)?
15
Let h(x) = x - 19. Let i be h(0). Calculate the remainder when (-4)/(4/i) + -1 is divided by 10.
8
Suppose 321 = 4*v - 2*j - 521, 3*v + j = 644. Suppose -5*i = -v + 68. What is the remainder when i is divided by 6?
5
Suppose -10 = -3*u - 1. Suppose u*k + 0*k = 15. Suppose -3*a - h + 39 = 2*a, 0 = -k*a - 2*h + 43. What